be -10*(-4)/(-10)*3. What is the units digit of (-142)/g + 5/30?
2
Suppose 5*r - w + 66 - 272 = 0, -2*w - 34 = -r. What is the tens digit of r?
4
Let n(m) = -m**3 + 8*m**2 - 3*m - 1. Let g be n(7). Let s = g + -8. Suppose -11 = -5*c + s. What is the units digit of c?
6
Let r(l) = -l**2 - 10*l + 2. What is the units digit of r(-8)?
8
Suppose 5*w - 34 = -3*f, f + w - 6 - 2 = 0. Suppose 2*h = 3 + f. Suppose -2*n = -0*a + a, 0 = a - h*n - 15. What is the units digit of a?
6
Suppose 0 = -5*c + 4*n + 425, -3*c + 5*n + 268 = -0*c. Let q = c + -47. What is the units digit of q?
4
Let r(m) = m**3 + 19*m**2 - 42*m + 18. What is the tens digit of r(-21)?
1
Suppose 0 = 4*l + l - 170. What is the units digit of l?
4
Suppose 0 = k + 2*k - 183. What is the units digit of k?
1
Let c be (-258)/(-5)*(-20)/(-6). Let h be c/(-36) + (-2)/9. What is the units digit of (h/2)/((-1)/2)?
5
Let o(k) = k - 2. Suppose 0 = x - 6. Suppose 0 = -x*y + 3*y + 9. What is the units digit of o(y)?
1
Let o = 34 - 24. What is the units digit of o?
0
Suppose -4*p + 3*g + g - 20 = 0, 11 = -p + 3*g. What is the tens digit of (-666)/(-21) + p/(-7)?
3
Let h(y) = y**2 + y + 2. Let p be h(-2). Suppose -5*w = 4*i + 5, 5*i + 0*w + p*w - 5 = 0. What is the units digit of -2 + i - (-1 - -3)?
1
Let i(u) = u. Let n be i(-2). What is the units digit of n*(-1)/2 - 0?
1
Suppose 0 = m - 4*m. Suppose -10*s + 8*s + 76 = m. What is the units digit of s?
8
Let z = -146 - -256. What is the hundreds digit of z?
1
Let b(m) = -m**3 - 11*m**2 + 6*m + 28. What is the hundreds digit of b(-12)?
1
Suppose c = -5, -34 = -3*t + t - 2*c. Suppose -3*k = 2*j - t, 4*j + 23 = 3*k - 23. What is the tens digit of k?
1
Let x be 4 + (2 - 0)/(-2). Let n(m) = m**3 + 11*m**2 + 11. Let z be n(-11). Suppose -k = o + x*k - z, -5*o - 3*k = -21. What is the units digit of o?
3
Let q = 2 + 3. Suppose q*z - 23 = 3*j - 2*j, 5*z - 17 = 4*j. Suppose j + 2 = i. What is the units digit of i?
4
What is the units digit of 1/16*4 + 46/8?
6
What is the tens digit of ((-462)/49)/(3/(-14))?
4
Suppose 0 = q + 29 + 24. Let j = q - -101. What is the tens digit of j?
4
Let m(p) = -4*p**2 - 4*p - 8. Let z(s) = s**2 + s + 2. Let u(o) = 2*m(o) + 9*z(o). Let f = 1 + -1. What is the units digit of u(f)?
2
Let a(n) = n**2 - 4*n + 4. Let o be a(4). Suppose 25 = o*w - 23. What is the tens digit of w?
1
Let h = 5 - 5. Let n be -1*(1 - h) - -3. What is the units digit of (8/(-12))/(n/(-9))?
3
Let z = 49 + -15. What is the tens digit of z?
3
Let i = -29 + 47. Let g(d) = d**3 + 3*d**2 + 3*d + 4. Let v be g(-3). What is the units digit of i/(-15)*v/2?
3
Let q be (21/(-28))/((-2)/(-8)). Let p be (-3 + -1)*2/(-2). What is the units digit of 9 + p + (-3)/q?
4
Suppose 3*v + 15 = 0, -520 = -4*f - f - 3*v. What is the units digit of f?
7
What is the units digit of 3/(102/33 + -3)?
3
Let z(g) = -g - 3. Let v be z(-5). Let a be v/(-7) - (-36)/(-21). What is the units digit of -1*(-1)/a*-10?
5
Suppose 7*g = 2*g + 15. Let o = 2 + g. Suppose -14 - 26 = -o*c. What is the units digit of c?
8
Let x(m) = 1 + 16*m**2 + 27*m - 9*m - 16*m. Suppose -3*y - 2*a - 3 = 8, -4*y - 2*a = 12. What is the tens digit of x(y)?
1
Let b(h) = h**2 + 2*h - 5. Let p be b(-4). Suppose -11 = -p*z - 0*z - v, -4*v + 14 = 2*z. Suppose 2 = -z*x + 8. What is the units digit of x?
2
Suppose -5*x = -v - 23, -3*v + 8 = x - 3. Suppose -l = -v*l + 20. Let d = -13 + l. What is the units digit of d?
7
Suppose 0 = 6*j - 81 - 201. What is the tens digit of j?
4
Suppose 2*j - 7 = j. Let b = j - 7. Suppose -5*z = -2*p - b*z + 31, 2*z = -6. What is the units digit of p?
8
What is the units digit of 264/(-9)*3/(-2)?
4
Suppose -47 = -5*h + 153. What is the tens digit of h?
4
Suppose 0 = j + j. Suppose -5*k - 119 = -3*v, v = k - j*v + 25. What is the units digit of k/(-3)*(-6)/(-4)?
1
Suppose -75 = -2*c - 2*p - 7, -c + 39 = 2*p. What is the tens digit of c?
2
What is the tens digit of 2/7 + 1/((-14)/(-598))?
4
Let l(b) = -3*b - 4. Let p be ((-4)/(-8))/((-3)/66). What is the tens digit of l(p)?
2
Suppose -4*i + 13 = 5*z + 2, -i = -z + 4. Suppose -3*h + 6 = -3*u - 0*h, 2*h = -z*u + 14. What is the units digit of 2*-1*(u - 3)?
2
Let d(j) = -j - 3. Let q be d(-5). Suppose -q - 14 = -4*c. Suppose -c*y + 14 = a - 4, 5*a = -2*y + 54. What is the tens digit of a?
1
Let h be 3/((-1)/(-22)*2). Let b = h - 23. What is the tens digit of b?
1
Let r = 47 + -19. What is the tens digit of r?
2
Let a be (-1)/3 + 56/(-21). Let r be (a/(-9))/((-3)/(-27)). Suppose 0*z + 5*c = r*z - 17, -26 = -4*z + 5*c. What is the units digit of z?
9
Let x(f) = -f**3 + 10*f**2 + 10*f - 17. What is the units digit of x(10)?
3
Suppose -3*a + r + 53 = 0, -79 = -a - 4*a - 3*r. What is the units digit of a?
7
Suppose h + 5*l = 6*h - 20, -3*h - 5*l = -52. Suppose 0 = 4*y - h*y. Suppose g - 3*b + 3 = y, g + 2*b = 4*g - 26. What is the units digit of g?
2
Let f(u) be the first derivative of u**4/4 - 10*u**3/3 + 5*u**2 + 9*u - 7. What is the units digit of f(9)?
8
Let a = 3 + 10. Let i = 19 - a. What is the units digit of i?
6
Let c be -29*(-6 - -3 - -2). Let n = -20 + c. What is the units digit of n?
9
Suppose x = 3*x - 24. Let g = -2 + 7. Suppose -g = -j + x. What is the tens digit of j?
1
Suppose -a - f - 2 = -2*a, 2 = a + 4*f. Suppose 0 = -5*w + 2*j + 30, w + j = a - 3. Suppose -5 = x, w*z - 4*x - 47 = -x. What is the units digit of z?
8
Suppose 0 = 2*s + 4*u - 3*u - 271, 688 = 5*s - u. What is the units digit of s?
7
Suppose -f = -0*f - 3. Let b(r) = r**3 - r**2 - 2*r - 4. What is the units digit of b(f)?
8
Let k(b) = -5*b**3 + b. Let v be k(-1). Suppose -d = -5*h + 4*h + 11, 3*h - v*d = 35. What is the units digit of h?
9
What is the tens digit of (-4)/(-16) + 1580/16?
9
Let b = 11 - 51. Let d = b + 57. What is the tens digit of d?
1
Suppose 10*y = 2*y + 1112. What is the units digit of y?
9
Let n be 5/2*(-48)/(-30). Let l(m) = 3 - 2 - m - n + 2. What is the units digit of l(-2)?
1
Let x be 0 + ((-60)/2 - -3). Let s = -4 - x. What is the units digit of s?
3
Let b(s) = -s**3 + 6*s**2 + 2*s + 5. What is the units digit of b(5)?
0
Let f(i) = 6*i - 2. What is the tens digit of f(6)?
3
Suppose -8*i + 12*i = 176. What is the tens digit of i?
4
Suppose 4*r - 36 = 56. What is the tens digit of r?
2
What is the tens digit of (2 + -2 + -1)*-89?
8
Let j = 0 - -2. Suppose -g + 4 + 3 = -4*d, 5*d = 5*g - 20. What is the units digit of d/(j/(-22) - 0)?
1
Let o = -1 + 4. Suppose o*s - 4*s + 2 = 0. What is the units digit of s?
2
Let s be 3/(-6) + 10/(-4). Let h(x) = -5*x**2 - 3*x + 2. Let i(c) = -4*c**2 - 2*c + 2. Let p(l) = 3*h(l) - 4*i(l). What is the units digit of p(s)?
0
Let j be ((0 + 1)*0)/2. Suppose j = f + 3*f. Suppose 5*h + 0*h - 55 = f. What is the tens digit of h?
1
Suppose 14 - 1 = 2*v + 3*l, 9 = 3*l. Suppose -3*j + 6*b + 56 = 4*b, -16 = -v*j - 4*b. What is the units digit of j?
6
Let t(n) = 2*n - 3. Let m(c) = -c**2 - 8*c - 7. Let y be 12*((-15)/6 + 2). Let b be m(y). What is the units digit of t(b)?
7
Suppose 3*j + 2 = 2*y - 2, -5*y = -3*j - 10. Suppose y*m + 4 = 3*m. Suppose 41 = 5*w - m*n - 4, 0 = 2*n. What is the units digit of w?
9
Let l(h) be the third derivative of -h**5/60 - 7*h**4/24 + 5*h**3/6 - 5*h**2. What is the units digit of l(-4)?
7
Let q = 7 - 3. What is the units digit of q?
4
Let p(x) = -x**3 - x**2 + x. Let y be p(0). Suppose y*f - f = 6. Let l = f + 11. What is the units digit of l?
5
Suppose 4*q + 2*t - 40 - 10 = 0, -4*q + 4*t + 32 = 0. Suppose 5*l = -15, 11 = 2*c + 2*l - q. What is the units digit of c?
4
Let p(o) = o**3 + 6*o**2 + 5*o + 7. What is the units digit of p(-5)?
7
Suppose 0 = z - 5. Let u = z - 11. Let p = u + 10. What is the units digit of p?
4
Suppose 3*k - 2*u - 3 = -0*k, -5*k - 3*u + 5 = 0. What is the tens digit of (k - -19)*(-2)/(-2)?
2
Suppose q = -y + 3, -2*y - 33 = 4*q - 7*y. Suppose 2 - 1 = s. What is the units digit of q*s/(6/(-9))?
3
Suppose u = -3*g - 274 + 802, 15 = -5*u. What is the hundreds digit of g?
1
Let t(w) = -6*w**2 + 2*w + 1. Let l be t(-1). Let z(b) = -b - 2. What is the units digit of z(l)?
5
Let v be 0*(-1)/(-2 + 4). What is the units digit of (-2 - v)*(5 + -7)?
4
Let w(d) be the third derivative of -d**4/24 - 5*d**3/3 + d**2. Let i be w(0). Let s = 18 + i. What is the units digit of s?
8
L